?
3
-3 - (1 - (3 + -5 + (-3 - -6)))
-3
What is -2 + -6 + 3 + 11 + -4 + -5?
-3
Evaluate (-1 - 2) + (1162 - 1159).
0
What is (-5 - -10) + -16 + 8 + -3 + -7?
-13
-3 + -30 + 43 + (2 - (7 - -3))
2
-16 + (-22 - (35 - 90))
17
Evaluate 11 + 31 + (32 - 58).
16
What is (589 - 545) + -42 + 0?
2
What is the value of 75 - 87 - (1 - -2) - -6?
-9
Calculate -36 - -52 - (-3 + 12).
7
Evaluate -4 - ((-8 - -3) + (1 - (-2 - -7))).
5
What is the value of -7 - -2 - (66 + -57)?
-14
What is the value of -9 + 10 - (-5 - (1 - (14 + 2)))?
-9
What is (-96 - -4) + 90 + (-1 - (-1 + 11))?
-13
What is -30 - ((5 - -3) + -9)?
-29
What is (69 + -62 - (11 - 1)) + 6?
3
Calculate 1 + -1 + 205 + -216.
-11
What is 6 - (0 + 6 + 2)?
-2
What is the value of (0 - -1) + (18 - (-5 - (0 + -25)))?
-1
Evaluate (-11 + -6 - -15) + 4.
2
Calculate -127 - -127 - (-1 - (2 + 9 + -1)).
11
What is the value of (14 - 9) + -8 + -2 + 5?
0
(20 - 41) + 19 + (3 - 0) + -4
-3
17 - (-9 + 27) - (-5 - (-2 - -2))
4
(1 - (0 + 0 + -3)) + 4 + -13
-5
What is the value of (0 - 0 - (5 - (-18 + 23))) + 6?
6
Evaluate (-51 - -12) + 88 + -83.
-34
What is 15 + -1 - (-25 + (29 - -2))?
8
What is the value of 217 + -234 - (-1 + -10)?
-6
Calculate 10 + (10 - (5 - -7)).
8
What is the value of -17 + -37 + 47 + 2 + -16?
-21
What is 4 - (4 + (-6 - -7) + -8)?
7
What is the value of -16 + (-13 - -15) + -2 + -3?
-19
Evaluate 6 + (23 - (7 - (-17 + 13))).
18
What is 16 - (9 + -6 + (14 - 8))?
7
What is the value of -6 + (7 - -3) + -2 + 8 + 3?
13
What is 19 + -25 + 0 + (4 - (-1 + -1))?
0
What is -40 + 18 + -15 - -73?
36
1 - 1 - 9 - -5 - -8
4
What is -10 - (-8 + (11 - 5))?
-8
What is the value of -2 + -7 + 11 + -1 + (-5 - -8)?
4
Evaluate 7 + 7 + -11 + 5 + -1.
7
-16 - -14 - ((0 - 17) + 7 + 0)
8
What is -9 + 2 - (3 + -23)?
13
What is -28 - ((-12 + 8 - (-2 + 8)) + 7)?
-25
What is 2 + (2 - (6 + -1) - 3)?
-4
-5 + -4 - (80 - 77)
-12
Evaluate 2 + (-5 + -16 - -14).
-5
What is the value of 8 - (-9 + 2 + 5) - 2?
8
Calculate 7 + (11 - (-17 + 7 + 9)).
19
What is the value of 0 + -7 + -3 + (-35 - (29 + -62))?
-12
Calculate 27 + -23 + 7 + -9.
2
What is 8 + (4 + -7 - -10) + -7?
8
Evaluate -8 - ((106 - 91) + (-10 - 0)).
-13
Calculate -11 - (-9 + -7) - (7 - 4 - -5).
-3
What is 15 + (-34 - (-4 + 10))?
-25
What is -2 - (-19 + 6 + 6)?
5
Evaluate -10 - -1 - (-15 + 6) - 14.
-14
What is the value of 11 - 13 - (-23 - -4)?
17
What is the value of 13 + 4 + 6 + -12 + 10?
21
-18 + 3 + (10 - 4) - -3
-6
23 + -13 + -24 + 46
32
Evaluate 6 - 3 - -1 - (-44 + 27).
21
What is 28 + (-52 - -7 - -2)?
-15
Calculate 6 - ((5 + -1 + 0 - 2) + -5).
9
Calculate -9 + -8 + (-14 - -26).
-5
What is (19 - -10) + -45 - -31?
15
-19 - (-2 + 5 + -12) - -4
-6
Calculate 2 - ((-4 - 1) + 3) - -2.
6
Evaluate 0 - (-1 + (7 - 4)).
-2
Calculate -32 - (-14 + 19 + -9 - 8).
-20
What is the value of (1 - 14) + (372 - 346)?
13
Calculate -3 + 14 + -6 + -6 - 8.
-9
Calculate 4 + 9 + (-175 - -187).
25
What is (-10 + 8 - (45 - 27)) + 5?
-15
What is the value of 0 - (-5 + 4 - 0 - (6 + -3))?
4
What is -7 - ((13 - 6) + -21)?
7
Calculate 9 - (0 + -11 + -112 + 135).
-3
Calculate 93 + -81 - (9 - 2).
5
What is the value of 29 + -36 + (0 - -1) + -2?
-8
What is (3 - 16) + (0 - -2) - 0?
-11
Calculate -18 - (-16 - -13 - 7).
-8
Calculate (3 - -5) + 0 + (4 + -4 - 0).
8
What is the value of 1 + 3 + -2 + (-14 - 9 - -13)?
-8
What is the value of 0 - 0 - 7 - (29 - (1 + 41))?
6
What is 18 + (-7 + -14 - 8)?
-11
What is the value of -48 + 7 + -14 + 34?
-21
Calculate (8 - (9 + 1) - (0 - 0)) + 10.
8
What is -17 + (18 - 5) + 24?
20
What is the value of -8 - ((19 - 7) + -25)?
5
What is 23 + -14 - 4 - 22?
-17
Evaluate 1 + (-2 - 3 - (-6 + 0)) - -2.
4
Calculate 10 + -6 - -13 - 10.
7
What is -1 - (18 + 0 + -10 + 0)?
-9
Evaluate -23 - (2 - 20) - 13.
-18
What is the value of (10 - (2 - -29)) + (15 - 0)?
-6
3 + 8 + -5 - (1 - -5 - -5)
-5
What is the value of 6 + 1 + -10 + -5 + 16 + 3?
11
20 + 0 - (-8 + 6 + (-4 - -2))
24
24 - (-7 + (4 - (6 + -1)) + 17)
15
Evaluate 7 + 15 + (-7 - 6) + (-3 - 0).
6
Evaluate 11 + -2 - (-2 + 4 + 12).
-5
(-6 - 0) + (19 - -22 - 18)
17
-4 - 1 - (-17 - (7 + -22))
-3
-4 + 0 + 2 - (2 + -6 + 1)
1
Calculate -5 - (-88 + 91 + (-2 - 48) + 5).
37
Evaluate 6 - (-8 + 25) - (0 - 6).
-5
What is (-3 - (-7 - (-1 + (0 - 4)))) + 2?
1
What is the value of (0 - (-1 - 9)) + (-42 - -47)?
15
What is the value of (-29 - -23) + 10 + (-2 + 6 - 4)?
4
-39 - (-9 + -55 + 43)
-18
Evaluate -5 + (8 - -4) + -15.
-8
Calculate -13 - (-2 + 0 + 5 + 4).
-20
What is the value of 1 + (13 - 16 - 5)?
-7
Calculate (-1 + -2 - -6) + 7 + -20.
-10
Calculate 5 + 0 + (-200 - -204) + -28 + -1.
-20
What is -7 - (2 + -4 + 20 + -13) - -6?
-6
Evaluate 4 - (-9 + 2) - (-3 + -3 + 2).
15
Evaluate 5 + 0 + -1 + (22 - 74) + 45.
-3
What is the value of (10 - (32 - 9)) + 5 - -5?
-3
Evaluate (14 - 20) + (0 - -13).
7
What is the value of (-5 - 1 - -23) + -12?
5
What is the value of (-53 - -44) + (2 - 20)?
-27
What is the value of -74 - -32 - (8 - 15)?
-35
What is the value of -5 + 24 + (-13 + 1 - -2)?
9
-3 - 0 - (14 + -16)
-1
7 + 6 + (69 - 97)
-15
What is -6 - (-5 + -9 - -5 - -4 - 15)?
14
Calculate -6 + (9 - (-4 - 6 - 1)).
14
Evaluate 4 + -17 + (-1 + 22 - 0).
8
Evaluate -15 + (102 + -99 - (-1 - -4 - 1)).
-14
Calculate -70 - (-31 + -5) - -12.
-22
-4 + -9 - (-68 + 54)
1
What is the value of (-8 - (0 + -1)) + (-4 - (27 + -27))?
-11
What is the value of -9 + (-25 - ((-10 - -24) + -25))?
-23
What is the value of ((-12 - -6) + -10 - -3) + (-3 - -1)?
-15
What is 6 + 17 - (147 - 120)?
-4
Evaluate 18 + (-17 - -9) + 3.
13
What is the value of -17 - (-21 - (-17 - -10))?
-3
Evaluate -7 + 0 + (4 - (-4 - -3)).
-2
Calculate (-343 - -347) + (3 - (1 + -2) - 0).
8
Evaluate 522 + -507 - (0 - 12).
27
What is the value of (12 - 32) + (12 - -2) - (0 - -9)?
-15
Evaluate 29 - 22 - (0 + 13).
-6
2 + -5 + 89 + -73
13
Calculate (-6 - -3) + -1 + -4 - (-3 + -1).
-4
Evaluate (5 - (-43 + 21)) + -65 - (-3 - -1).
-36
Evaluate -1 + 13 + -209 + 199 - -12.
14
What is the value of 15 - (15 + (-8 - (4 - 7)))?
5
7 + -6 + -3 + -3 + -3
-8
Calculate 18 + (1 - (-5 - (-7 - 2))).
15
Calculate 20 + 24 + -27 - (2 - (1 + -2)).
14
Evaluate (2 - 9) + -388 + 422.
27
4 - (5 - 15) - 11
3
(-14 - (-9 - 0)) + 7 - 16
-14
What is (-2 + 17 - -3) + (-5 - (5 + -19))?
27
28 - (-30 - -56) - -20
22
Evaluate 2107 - 2140 - (-42 + 1).
8
What is the value of -17 + 1 + -2 - (6 - (22 + -12))?
-14
3 - 7 - (26 + -36) - 38
-32
What is the value of -5 + (2 - -3 - (-7 + 18 + -14))?
3
Calculate 29 - -16 - 30 - -11.
26
(0 - -19) + -147 + 134 - -15
21
Evaluate 0 + 8 - (152 + -140).
-4
Evaluate 109 - 102 - (-13 - -29).
-9
1 + (1 - -4) + (2903 - 2914)
-5
Calculate 15 - ((6 - 21) + (-2 - 2)).
34
Evaluate ((3 - 5) + -8 - -7) + (-2 - 4).
-9
Evaluate (1 - 15) + 46 - 60.
-28
What is 109 + -105 - (21 - 1) - -42?
26
What is the value of 22 - (-7 + 36 + -21)?
14
Evaluate -10 + 8 + -2 + 7 + -44 + 30.
-11
What is 6 - (0 + 3) - 7?
-4
What is -2 - 4 - 0 - ((-16 - -19) + -7)?
-2
(7 + 1 - (5 - -4)) + -4
-5
Evaluate (-13 - (-38 + 13)) + -43.
-31
What is (4 + -5 - (1 + 7)) + 14?
5
-23 + (11 - (-19 - -21))
-14
Evaluate -63 + -27 + 83 - (0 - 0 - 7).
0
Evaluate (1 - (21 - 4)) + (45 - 34).
-5
Evaluate -24 + (-10 + 15 - -2).
-17
3 - (-35 + 2 + 27)
9
What is 5 + 1 - (15 - 19) - (1 + -6)?
15
What is the value of 8 + -3 + (1 - (3 + -3)) + -15?
-9
What is the value of -19 + (-11 - -4 - (-2 + -6) - -4)?
-14
Evaluate -1 + -2 + (25 - (7 - -21)).
-6
Evaluate 4 + (1 - (7 + 4)) + 19.
13
Evaluate -12 + (7 - -6) + 8.
9
Evaluate -13 - (1 + (2 - 6)).
-10
What is the value of (-2 - (-10 + -1 + -4)) + -7 + -7?
-1
Evaluate -22 - (-1 - (-12 + 23)) - 3.
-13
Calculate (-5 - (-2 - 1)) + -9 + -11 + 11.
-11
What is -3 + (-3 + 7 + -7 - -10)?
4
What is the value of -4 - -21 - ((50 - 53) + 0 + -1)?
21
What is (-1 - -6) + (8 - (-5 - -5) - 20)?
-7
Evaluate 7 - (4 - 10 - -9 - 3).
7
Evaluate 6 + -18 + -4 + 29 - -4.
17
What is the value of (2 - -5) + -15 + 8 + 10?
10
Calculate (-9 - (13 + -11 + -4)) + (29 - 2).
20
Evaluate 5 - 23 - (30 - 13).
-35
What is the value of -13 - (-13 + 3) - -17?
14
Calculate 58 + 28 + -59 + -30.
-3
What is (-3 + -43 - (7 + -4)) + (95 - 86)?
-40
What is -11 - (-33 - -30) - -11?
3
What is -2 - -33 - (24 - 4)?
11
What is the value of (1 - 0) + (-8 - 27 - -17 - -6)?
-11
Evaluate 1 + -